 2436756?
2
What is the ten millions digit of 598200401?
9
What is the ten thousands digit of 217957687?
5
What is the units digit of 152734055?
5
What is the hundred thousands digit of 1591765980?
7
What is the millions digit of 2438622?
2
What is the units digit of 368030704?
4
What is the units digit of 100160429?
9
What is the units digit of 1080266438?
8
What is the millions digit of 183113523?
3
What is the thousands digit of 81839742?
9
What is the tens digit of 8646865?
6
What is the ten thousands digit of 130705106?
0
What is the ten millions digit of 25400202?
2
What is the ten thousands digit of 531890608?
9
What is the ten millions digit of 279260264?
7
What is the ten millions digit of 1801146112?
0
What is the hundred millions digit of 400429141?
4
What is the hundreds digit of 27053533?
5
What is the millions digit of 59461376?
9
What is the hundreds digit of 827916816?
8
What is the ten millions digit of 95660612?
9
What is the thousands digit of 30484160?
4
What is the millions digit of 124659114?
4
What is the units digit of 612758204?
4
What is the ten thousands digit of 2388549424?
4
What is the units digit of 5144029579?
9
What is the millions digit of 196506351?
6
What is the tens digit of 7707820?
2
What is the thousands digit of 278215182?
5
What is the hundred thousands digit of 727796870?
7
What is the hundred thousands digit of 93449676?
4
What is the thousands digit of 384911111?
1
What is the hundred thousands digit of 2648010473?
0
What is the tens digit of 63523001?
0
What is the ten thousands digit of 69400038?
0
What is the ten thousands digit of 1658130259?
3
What is the millions digit of 6686514143?
6
What is the hundreds digit of 77636543?
5
What is the ten millions digit of 1608966073?
0
What is the ten millions digit of 358799590?
5
What is the tens digit of 107517430?
3
What is the thousands digit of 44795411?
5
What is the thousands digit of 2982154545?
4
What is the ten thousands digit of 770836969?
3
What is the thousands digit of 57352943?
2
What is the ten millions digit of 477315508?
7
What is the thousands digit of 386448650?
8
What is the units digit of 200384838?
8
What is the ten millions digit of 512488412?
1
What is the millions digit of 63970076?
3
What is the hundred thousands digit of 109440345?
4
What is the hundreds digit of 575536284?
2
What is the hundred millions digit of 183172323?
1
What is the thousands digit of 715744104?
4
What is the ten millions digit of 157882192?
5
What is the ten thousands digit of 151329644?
2
What is the hundreds digit of 41544351?
3
What is the ten millions digit of 336924168?
3
What is the billions digit of 1521529017?
1
What is the units digit of 265283332?
2
What is the tens digit of 55015525?
2
What is the thousands digit of 90262278?
2
What is the tens digit of 132516302?
0
What is the hundreds digit of 7608428?
4
What is the thousands digit of 24851217?
1
What is the hundred thousands digit of 712689231?
6
What is the hundred millions digit of 452515880?
4
What is the thousands digit of 413405643?
5
What is the ten millions digit of 190307273?
9
What is the hundreds digit of 2112430229?
2
What is the hundred thousands digit of 55564289?
5
What is the hundred thousands digit of 211976076?
9
What is the tens digit of 201871511?
1
What is the hundreds digit of 67426892?
8
What is the units digit of 98257590?
0
What is the thousands digit of 381752684?
2
What is the thousands digit of 470557601?
7
What is the tens digit of 906076275?
7
What is the ten thousands digit of 5160679427?
7
What is the hundreds digit of 211292305?
3
What is the units digit of 140942165?
5
What is the tens digit of 2511633356?
5
What is the ten millions digit of 37105502?
3
What is the ten thousands digit of 21101591?
0
What is the hundred thousands digit of 167065459?
0
What is the ten millions digit of 431751751?
3
What is the hundred millions digit of 1148366400?
1
What is the hundreds digit of 327640420?
4
What is the hundred thousands digit of 50682279?
6
What is the hundred millions digit of 3144191057?
1
What is the hundred thousands digit of 291716933?
7
What is the hundred thousands digit of 78688792?
6
What is the ten millions digit of 729845118?
2
What is the hundred millions digit of 471495760?
4
What is the units digit of 41426741?
1
What is the units digit of 175060849?
9
What is the hundred millions digit of 148246220?
1
What is the ten thousands digit of 427215740?
1
What is the hundreds digit of 2595208729?
7
What is the hundred millions digit of 995853893?
9
What is the hundreds digit of 363620361?
3
What is the millions digit of 730732175?
0
What is the hundreds digit of 502747261?
2
What is the ten thousands digit of 785683851?
8
What is the thousands digit of 2934931349?
1
What is the millions digit of 4899244417?
9
What is the hundred millions digit of 145853252?
1
What is the hundred millions digit of 2516001098?
5
What is the thousands digit of 464226907?
6
What is the ten millions digit of 31423989?
3
What is the hundred thousands digit of 1647793848?
7
What is the hundreds digit of 47458215?
2
What is the hundreds digit of 430935717?
7
What is the hundred millions digit of 819119439?
8
What is the tens digit of 1167994329?
2
What is the units digit of 38490026?
6
What is the thousands digit of 13201392?
1
What is the hundred thousands digit of 842300134?
3
What is the tens digit of 1910318078?
7
What is the tens digit of 941734704?
0
What is the hundred thousands digit of 122730663?
7
What is the hundreds digit of 117232647?
6
What is the thousands digit of 93663609?
3
What is the ten thousands digit of 7189065832?
6
What is the units digit of 396231936?
6
What is the ten thousands digit of 603745054?
4
What is the millions digit of 60787839?
0
What is the ten thousands digit of 353365883?
6
What is the hundred millions digit of 1745168301?
7
What is the millions digit of 178359741?
8
What is the units digit of 55699666?
6
What is the tens digit of 1330054278?
7
What is the hundreds digit of 113227228?
2
What is the ten thousands digit of 981482756?
8
What is the ten thousands digit of 6372084216?
8
What is the units digit of 272965355?
5
What is the tens digit of 664765705?
0
What is the units digit of 537376529?
9
What is the ten thousands digit of 1378444495?
4
What is the hundred millions digit of 2344177355?
3
What is the thousands digit of 804457759?
7
What is the units digit of 1945030934?
4
What is the tens digit of 552414224?
2
What is the ten millions digit of 313881595?
1
What is the hundred thousands digit of 11494354?
4
What is the thousands digit of 464177173?
7
What is the hundred thousands digit of 625822628?
8
What is the hundred thousands digit of 1028741681?
7
What is the hundred thousands digit of 4025473092?
4
What is the ten thousands digit of 2153403758?
0
What is the hundred thousands digit of 275153578?
1
What is the thousands digit of 381436673?
6
What is the ten millions digit of 63946700?
6
What is the hundred thousands digit of 309020971?
0
What is the hundred thousands digit of 3007344?
0
What is the hundreds digit of 31961731?
7
What is the ten thousands digit of 1515647590?
4
What is the millions digit of 5328142880?
8
What is the hundred thousands digit of 30171483?
1
What is the hundreds digit of 297907766?
7
What is the hundred thousands digit of 173071013?
0
What is the units digit of 306810577?
7
What is the thousands digit of 1293029619?
9
What is the hundreds digit of 354628305?
3
What is the ten millions digit of 147522693?
4
What is the hundred thousands digit of 826913318?
9
What is the thousands digit of 39923939?
3
What is the ten thousands digit of 2488986539?
8
What is the units digit of 454686659?
9
What is the millions digit of 7359822172?
9
What is the hundreds digit of 131504455?
4
What is the tens digit of 26410144?
4
What is the hundred millions digit of 529365377?
5
What is the ten millions digit of 5628693480?
2
What is the ten thousands digit of 3165165560?
6
What is the millions digit of 712794428?
2
What is the tens digit of 374145095?
9
What is the ten thousands digit of 177703824?
0
What is the tens digit of 8986923?
2
What is the thousands digit of 99261460?
1
What is the millions digit of